+ 24*f**2 - 301*f - 64. What is y(-33)?
68
Let b(o) = -o**3 - 27*o**2 - 49*o - 38. Calculate b(-25).
-63
Let o(q) = -9*q + 27. Give o(-7).
90
Let b(c) = c**3 - 3*c**2 + 2*c - 2. Calculate b(5).
58
Let o(s) = -3*s**2 + 12*s - 28. What is o(7)?
-91
Let l(d) = d**3 - 16*d**2 - 22*d + 92. What is l(17)?
7
Let y(k) = 3*k**3 + 34*k**2 + 95*k - 68. Calculate y(-4).
-96
Let r(g) = -2*g**2 - 4*g + 13. Give r(-4).
-3
Let z(v) = -6*v**2 + 77*v + 650. Determine z(-10).
-720
Let x(j) = -3*j**2 - 3*j + 83. Calculate x(-7).
-43
Let x(t) = t**2 + 27*t + 76. Give x(-15).
-104
Let x(k) = k**3 - 5*k**2 - 71*k + 15. Determine x(10).
-195
Let d(h) = -h**2 - 56*h + 115. Calculate d(-58).
-1
Let z(d) = -d**3 - d**2 + 13*d + 23. Determine z(-3).
2
Let y(d) = -22*d**2 - 4*d - 4. What is y(2)?
-100
Let w(c) = -4*c**2 - 55*c - 6. What is w(-13)?
33
Let m(o) = 234*o + 39084. What is m(-167)?
6
Let x(c) = 511*c + 1028. Give x(-2).
6
Let p(t) = -9*t - 130. What is p(-15)?
5
Let j(r) = 51*r + 389. Give j(-12).
-223
Let l(g) = 18*g**2 - 52*g + 106. What is l(7)?
624
Let o(j) = -38*j + 10. Give o(-2).
86
Let t(o) = -480*o - 2404. What is t(-5)?
-4
Let b(f) = 35*f**3 - 2*f**2 + 2*f - 38. What is b(0)?
-38
Let f(d) = -36*d**2 + 1337*d - 61. What is f(37)?
124
Let i(s) = 3*s**3 - 19*s**2 + 31*s - 1. What is i(2)?
9
Let k(n) = 2*n**2 + 99*n - 1466. What is k(13)?
159
Let s(h) = 3*h**2 + 68*h + 52. What is s(-22)?
8
Let v(n) = 81*n - 169. What is v(2)?
-7
Let w(a) = a**2 + 115*a + 2174. Calculate w(-91).
-10
Let m(h) = h**2 - 62*h + 729. Determine m(16).
-7
Let m(c) = -c**2 - 641*c + 5189. What is m(8)?
-3
Let x(m) = 527*m + 11600. What is x(-22)?
6
Let h(z) = z**3 + 28*z**2 + 149*z - 211. Determine h(-20).
9
Let c(k) = k**3 - 7*k**2 + 42*k - 264. Calculate c(6).
-48
Let i(h) = -107*h - 6859. What is i(-64)?
-11
Let d(p) = 9*p + 288. Give d(-40).
-72
Let v(x) = 4*x**2 - 275*x - 2223. Calculate v(76).
-19
Let c(v) = -67*v + 831. Give c(13).
-40
Let l(o) = -74*o + 1394. Determine l(19).
-12
Let z(l) = -28*l + 602. Give z(22).
-14
Let c(j) = j**3 - 227*j**2 + 1117*j - 1560. Determine c(222).
-6
Let b(k) = -k**2 + 21*k - 45. What is b(10)?
65
Let x(s) = 29*s + 21. Determine x(-6).
-153
Let w(m) = -m**2 - 74*m + 484. Give w(6).
4
Let p(k) = -46*k - 998. Calculate p(-22).
14
Let u(o) = 2*o**2 + 163*o - 1486. What is u(-91)?
243
Let y(z) = 49*z - 168. Determine y(4).
28
Let w(j) = j**3 + 23*j**2 + 41*j - 34. Determine w(-21).
-13
Let c(m) = -27*m + 24. Give c(-31).
861
Let a(b) = -2*b**2 - 57*b - 105. Give a(-7).
196
Let p(r) = -r**3 - 12*r**2 - 22*r - 63. Give p(-10).
-43
Let h(n) = -27*n**3 - 5*n**2 + 8. Give h(-2).
204
Let u(n) = 10*n - 309. What is u(30)?
-9
Let z(m) = 2*m**2 - 1035*m + 5156. Calculate z(5).
31
Let k(w) = -17*w**3 + 3*w**2 - 9*w + 5. What is k(2)?
-137
Let v(n) = -2*n**2 - 62*n - 315. Determine v(-35).
-595
Let q(a) = -3*a**3 - 9*a**2 + 26*a + 88. What is q(-4)?
32
Let b(d) = -d**3 - 20*d**2 - 10*d + 154. Calculate b(-19).
-17
Let j(s) = -3032*s + 9101. Give j(3).
5
Let t(f) = -f**3 - 29*f**2 - 97*f - 12. Determine t(-5).
-127
Let x(p) = -942*p - 2737. What is x(-3)?
89
Let o(x) = -220*x - 954. What is o(-6)?
366
Let a(u) = 3*u**2 - 12*u - 1. Calculate a(10).
179
Let w(t) = 6*t**2 + 184*t - 56. What is w(-31)?
6
Let a(v) = 920*v + 17493. Calculate a(-19).
13
Let y(h) = 5*h**2 - 28*h - 22. Determine y(5).
-37
Let q(k) = 6*k**3 + 6*k**2 + 8*k + 21. Determine q(-2).
-19
Let c(l) = 4*l**3 - 2*l**2 + l + 1. Give c(-2).
-41
Let y(b) = -b**3 + 60*b**2 - 110*b - 333. What is y(58)?
15
Let v(s) = -61*s + 30. Give v(3).
-153
Let l(f) = 7*f**2 - 41*f - 7. Calculate l(7).
49
Let f(b) = -b**3 - 155*b**2 - 1035*b + 203. What is f(-148)?
55
Let v(m) = -m**3 + 52*m**2 + 146*m - 2054. Determine v(54).
-2
Let v(a) = 2*a - 8. What is v(8)?
8
Let x(i) = -7*i + 30. Calculate x(6).
-12
Let l(i) = -29*i - 223. Give l(0).
-223
Let f(a) = -19*a + 4. Calculate f(5).
-91
Let a(u) = u**2 - 104*u - 624. Give a(-6).
36
Let a(h) = -h**3 - 3*h**2 + 16*h + 197. What is a(-6)?
209
Let u(l) = -l**2 + 3*l + 227. Give u(-17).
-113
Let o(z) = 1212*z + 13345. Calculate o(-11).
13
Let u(m) = -22*m + 197. Determine u(27).
-397
Let c(p) = -73*p + 658. Give c(9).
1
Let z(r) = -r**3 + 7*r**2 + 74*r - 470. What is z(6)?
10
Let d(x) = x**3 - 22*x**2 + 100*x + 32. What is d(18)?
536
Let j(r) = -r**2 + 123*r - 172. Determine j(121).
70
Let i(d) = 29*d + 794. Determine i(-27).
11
Let i(x) = -x**2 + 40*x - 274. What is i(10)?
26
Let h(d) = -44*d**2 + 26*d - 26. Determine h(1).
-44
Let n(i) = -i**2 - 168*i + 666. Give n(4).
-22
Let c(p) = -11*p**2 + 41*p + 141. What is c(6)?
-9
Let r(c) = c**3 + c**2 - 2*c + 49. Give r(-5).
-41
Let b(p) = -3*p**2 - 325*p + 543. Determine b(-110).
-7
Let b(d) = 2*d**3 - 3*d**2 + 19*d - 1. Determine b(0).
-1
Let i(n) = 417*n - 2634. Calculate i(6).
-132
Let m(t) = t - 12. Determine m(-5).
-17
Let f(i) = 504*i + 623. Determine f(-1).
119
Let d(a) = -a**3 - 7*a**2 + 2*a - 139. Calculate d(-9).
5
Let g(n) = -n**3 + 79*n**2 + 791*n + 79. What is g(88)?
-9
Let u(r) = -r**3 - 50*r**2 + 398*r - 61. Determine u(-57).
-4
Let b(x) = -6*x**3 - 34*x**2 + 111*x - 13. Calculate b(-8).
-5
Let z(q) = 12*q + 442. Determine z(-46).
-110
Let d(t) = -1245*t - 8725. Give d(-7).
-10
Let a(i) = -24*i**2 - 286*i + 40. Determine a(-12).
16
Let q(y) = y**3 + 3*y**2 - y + 75. What is q(0)?
75
Let a(l) = -9*l**2 + 191*l + 158. What is a(22)?
4
Let i(w) = 2*w**3 + 10*w**2 + 10*w - 5. Determine i(-5).
-55
Let k(p) = p**2 - 39*p + 158. Determine k(31).
-90
Let u(t) = -t**3 - 23*t**2 - 115*t - 7. What is u(-8)?
-47
Let v(t) = 69*t + 201. What is v(-8)?
-351
Let w(t) = -157*t + 633. Calculate w(4).
5
Let t(z) = 240*z - 23996. Determine t(100).
4
Let z(j) = j**2 + 315*j + 3051. Give z(-10).
1
Let h(q) = 6*q**2 + 486*q + 3529. What is h(-8)?
25
Let u(g) = -399*g - 62259. Calculate u(-156).
-15
Let i(f) = f**2 + 651*f - 2611. Give i(4).
9
Let n(k) = 227*k - 1590. What is n(7)?
-1
Let k(b) = -3*b**3 + 227*b**2 + 71*b + 456. What is k(76)?
76
Let y(g) = g**3 + 26*g**2 + 49*g - 22. Determine y(-24).
-46
Let v(b) = -b**3 - 11*b**2 - 138*b - 1535. Calculate v(-11).
-17
Let a(m) = 3*m**2 + m + 226. What is a(0)?
226
Let k(y) = 10*y**2 - 117*y + 239. Calculate k(9).
-4
Let c(l) = -l**2 - 12*l - 67. Determine c(-16).
-131
Let j(k) = 7*k**2 - 17*k + 10. What is j(9)?
424
Let o(j) = 6*j**2 - 291*j + 133. Calculate o(48).
-11
Let d(m) = -m**3 - 12*m**2 + 39*m + 161. Calculate d(-14).
7
Let b(k) = -2*k**2 + 219*k - 1351. Give b(104).
-207
Let x(t) = 3400*t - 10208. What is x(3)?
-8
Let t(c) = 30*c - 143. Calculate t(30).
757
Let u(s) = 3*s**3 + 18*s**2 - 21*s - 112. What is u(-9)?
-652
Let z(n) = -3*n**2 + 11*n + 6. Calculate z(-4).
-86
Let w(z) = 2163*z + 4323. Determine w(-2).
-3
Let l(u) = -4*u**2 + 35*u + 53. What is l(8)?
77
Let d(i) = -53*i - 1705. What is d(-34)?
97
Let d(g) = 2*g**3 + 94*g**2 + 75*g - 796. Give d(-46).
-14
Let x(n) = 4*n**3 + 40*n**2 + 34*n + 4. Determine x(-9).
22
Let w(d) = 29*d - 275. What is w(13)?
102
Let p(x) = -x**2 + 51*x + 843. Determine p(-13).
11
Let y(k) = 16*k + 1355. Determine y(-82).
43
Let i(b) = -b**2 + 25*b - 242. Calculate i(16).
-98
Let v(s) = -s**3 - 17*s**2 + 9*s + 156. Give v(-17).
3
Let h(k) = -164*k - 424. Give h(-3).
68
Let n(l) = -5*l**2 - 59*l - 58. What is n(-1)?
-4
Let v(g) = g**3 - 4*g**2 - 11*g - 11. Calculate v(5).
-41
Let a(v) = 47*v - 21. Give a(-4).
-209
Let l(i) = 1285*i - 25665. Give l(20).
35
Let u(s) = -172*s - 1406. What is u(-8)?
-30
Let r(c) = -10*c - 1. Determine r(0).
-1
Let n(z) = 32*z - 453. What is n(12)?
-69
Let n(a) = -a**2 + 8*a + 206. Determine n(19).
-3
Let h(k) = -3*k + 105. Determine h(2).
99
Let i(k) = -205*k - 777. Determine i(-6).
453
Let a(w) = 55*w + 555. What is a(-10)?
5
Let s(x) = x**3 - 9*x**2 - 194*x + 65. What is s(19)?
-11
Let m(n) = -284*n - 17327. Give m(-61).
-3
Let m(p) = -p**2 - 81*p + 109. What is m(-82)?
27
Let f(x) = -2*x**3 - 11*x**2 - 2*x - 13. Determine f(-6).
35
Let v(h) = -h**2 + 24*h - 148. What is v(11)?
-5
Let g(c) = 2*c**2 - 27*c + 8. Determine g(9).
-73
Let a(o) = 13*o - 321. Determine a(-28).
-685
Let i(l) = -l**2 + 4*l + 125. What is i(-8)?
29
Let i(m) = 19*m**2 + 270*m + 16. Calculate i(-14).
-40
Let d(o) = 37*o - 44